Last updated on 2018-11-24 00:51:12 CET.
Flavor | Version | Tinstall | Tcheck | Ttotal | Status | Flags |
---|---|---|---|---|---|---|
r-devel-linux-x86_64-debian-clang | 0.6.4 | 111.09 | 56.76 | 167.85 | OK | |
r-devel-linux-x86_64-debian-gcc | 0.6.4 | 107.06 | 46.88 | 153.94 | OK | |
r-devel-linux-x86_64-fedora-clang | 0.6.4 | 237.12 | NOTE | |||
r-devel-linux-x86_64-fedora-gcc | 0.6.4 | 228.78 | NOTE | |||
r-devel-windows-ix86+x86_64 | 0.6.4 | 212.00 | 133.00 | 345.00 | OK | |
r-patched-linux-x86_64 | 0.6.4 | 134.62 | 57.90 | 192.52 | OK | |
r-patched-solaris-x86 | 0.6.4 | 189.70 | NOTE | |||
r-release-linux-x86_64 | 0.6.4 | 127.67 | 58.44 | 186.11 | OK | |
r-release-windows-ix86+x86_64 | 0.6.4 | 207.00 | 91.00 | 298.00 | OK | |
r-release-osx-x86_64 | 0.6.4 | NOTE | ||||
r-oldrel-windows-ix86+x86_64 | 0.6.2 | 147.00 | 119.00 | 266.00 | OK | |
r-oldrel-osx-x86_64 | 0.6.4 | ERROR |
Version: 0.6.4
Check: installed package size
Result: NOTE
installed size is 48.2Mb
sub-directories of 1Mb or more:
doc 1.6Mb
libs 46.1Mb
Flavors: r-devel-linux-x86_64-fedora-clang, r-release-osx-x86_64
Version: 0.6.4
Check: dependencies in R code
Result: NOTE
Namespaces in Imports field not imported from:
‘ggplot2’ ‘lavaan’
All declared Imports should be used.
Flavors: r-devel-linux-x86_64-fedora-clang, r-devel-linux-x86_64-fedora-gcc, r-patched-solaris-x86, r-release-osx-x86_64
Version: 0.6.4
Check: whether package can be installed
Result: ERROR
Installation failed.
Flavor: r-oldrel-osx-x86_64