CRAN Package Check Results for Package maboost

Last updated on 2018-11-24 00:51:12 CET.

Flavor Version Tinstall Tcheck Ttotal Status Flags
r-devel-linux-x86_64-debian-clang 1.0-0 5.38 57.69 63.07 NOTE
r-devel-linux-x86_64-debian-gcc 1.0-0 4.58 47.26 51.84 NOTE
r-devel-linux-x86_64-fedora-clang 1.0-0 75.07 NOTE
r-devel-linux-x86_64-fedora-gcc 1.0-0 75.88 NOTE
r-devel-windows-ix86+x86_64 1.0-0 11.00 90.00 101.00 NOTE
r-patched-linux-x86_64 1.0-0 4.49 56.09 60.58 NOTE
r-patched-solaris-x86 1.0-0 116.60 NOTE
r-release-linux-x86_64 1.0-0 5.21 56.29 61.50 NOTE
r-release-windows-ix86+x86_64 1.0-0 12.00 62.00 74.00 NOTE
r-release-osx-x86_64 1.0-0 NOTE
r-oldrel-windows-ix86+x86_64 1.0-0 14.00 96.00 110.00 NOTE
r-oldrel-osx-x86_64 1.0-0 NOTE

Check Details

Version: 1.0-0
Check: DESCRIPTION meta-information
Result: NOTE
    Malformed Description field: should contain one or more complete sentences.
Flavors: r-devel-linux-x86_64-debian-clang, r-devel-linux-x86_64-debian-gcc, r-devel-linux-x86_64-fedora-clang, r-devel-linux-x86_64-fedora-gcc, r-devel-windows-ix86+x86_64, r-patched-linux-x86_64, r-patched-solaris-x86, r-release-linux-x86_64, r-release-windows-ix86+x86_64, r-release-osx-x86_64, r-oldrel-windows-ix86+x86_64, r-oldrel-osx-x86_64

Version: 1.0-0
Check: R code for possible problems
Result: NOTE
    maboost.default: no visible global function definition for
     ‘flush.console’
    maboost.default: no visible binding for global variable ‘na.pass’
    maboost.default : predict.type: no visible global function definition
     for ‘predict’
    maboost.formula: no visible global function definition for
     ‘model.extract’
    maboost.machine.bin: no visible global function definition for ‘runif’
    maboost.machine.bin: no visible binding for global variable ‘na.pass’
    maboost.machine.multi: no visible global function definition for
     ‘runif’
    maboost.machine.multi: no visible binding for global variable ‘na.pass’
    projsplx_k: no visible global function definition for ‘tail’
    varplot.maboost: no visible global function definition for ‘dotchart’
    Undefined global functions or variables:
     dotchart flush.console model.extract na.pass predict runif tail
    Consider adding
     importFrom("graphics", "dotchart")
     importFrom("stats", "model.extract", "na.pass", "predict", "runif")
     importFrom("utils", "flush.console", "tail")
    to your NAMESPACE file.
Flavors: r-devel-linux-x86_64-debian-clang, r-devel-linux-x86_64-debian-gcc, r-devel-linux-x86_64-fedora-clang, r-devel-linux-x86_64-fedora-gcc, r-devel-windows-ix86+x86_64, r-patched-linux-x86_64, r-patched-solaris-x86, r-release-linux-x86_64, r-release-windows-ix86+x86_64, r-release-osx-x86_64, r-oldrel-windows-ix86+x86_64, r-oldrel-osx-x86_64