CRAN Package Check Results for Package magick

Last updated on 2018-11-24 00:51:12 CET.

Flavor Version Tinstall Tcheck Ttotal Status Flags
r-devel-linux-x86_64-debian-clang 2.0 116.24 156.86 273.10 OK
r-devel-linux-x86_64-debian-gcc 2.0 98.73 145.52 244.25 OK
r-devel-linux-x86_64-fedora-clang 2.0 462.51 NOTE
r-devel-linux-x86_64-fedora-gcc 2.0 412.19 NOTE
r-devel-windows-ix86+x86_64 2.0 377.00 400.00 777.00 NOTE
r-patched-linux-x86_64 2.0 127.52 159.44 286.96 OK
r-patched-solaris-x86 2.0 277.10 WARN
r-release-linux-x86_64 2.0 124.50 174.05 298.55 OK
r-release-windows-ix86+x86_64 2.0 362.00 318.00 680.00 NOTE
r-release-osx-x86_64 2.0 NOTE
r-oldrel-windows-ix86+x86_64 2.0 378.00 348.00 726.00 NOTE
r-oldrel-osx-x86_64 2.0 NOTE

Additional issues

clang-ASAN gcc-ASAN

Check Details

Version: 2.0
Check: package dependencies
Result: NOTE
    Package suggested but not available for checking: ‘av’
Flavors: r-devel-linux-x86_64-fedora-clang, r-devel-linux-x86_64-fedora-gcc

Version: 2.0
Check: installed package size
Result: NOTE
     installed size is 12.8Mb
     sub-directories of 1Mb or more:
     doc 6.8Mb
     libs 5.7Mb
Flavors: r-devel-linux-x86_64-fedora-clang, r-devel-windows-ix86+x86_64, r-patched-solaris-x86, r-release-windows-ix86+x86_64, r-release-osx-x86_64, r-oldrel-windows-ix86+x86_64, r-oldrel-osx-x86_64

Version: 2.0
Check: Rd cross-references
Result: NOTE
    Package unavailable to check Rd xrefs: ‘av’
Flavors: r-devel-linux-x86_64-fedora-clang, r-devel-linux-x86_64-fedora-gcc

Version: 2.0
Check: package dependencies
Result: NOTE
    Packages suggested but not available for checking:
     ‘av’ ‘rsvg’ ‘tesseract’ ‘gifski’
Flavor: r-patched-solaris-x86

Version: 2.0
Check: Rd cross-references
Result: NOTE
    Packages unavailable to check Rd xrefs: ‘rsvg’, ‘tesseract’, ‘gifski’, ‘av’
Flavor: r-patched-solaris-x86

Version: 2.0
Check: re-building of vignette outputs
Result: WARN
    Error in re-building vignettes:
     ...
    Warning in engine$weave(file, quiet = quiet, encoding = enc) :
     Pandoc (>= 1.12.3) and/or pandoc-citeproc not available. Falling back to R Markdown v1.
    Warning in library(package, lib.loc = lib.loc, character.only = TRUE, logical.return = TRUE, :
     there is no package called 'rsvg'
    Warning in library(package, lib.loc = lib.loc, character.only = TRUE, logical.return = TRUE, :
     there is no package called 'rsvg'
    Quitting from lines 228-237 (intro.Rmd)
    Error: processing vignette 'intro.Rmd' failed with diagnostics:
    Magick: non-conforming drawing primitive definition `text' @ error/draw.c/RenderMVGContent/4354
    Execution halted
Flavor: r-patched-solaris-x86