Last updated on 2018-11-24 00:51:12 CET.
Flavor | Version | Tinstall | Tcheck | Ttotal | Status | Flags |
---|---|---|---|---|---|---|
r-devel-linux-x86_64-debian-clang | 1.0.1 | 0.99 | 16.72 | 17.71 | NOTE | |
r-devel-linux-x86_64-debian-gcc | 1.0.1 | 0.85 | 13.87 | 14.72 | NOTE | |
r-devel-linux-x86_64-fedora-clang | 1.0.1 | 21.01 | OK | |||
r-devel-linux-x86_64-fedora-gcc | 1.0.1 | 21.12 | OK | |||
r-devel-windows-ix86+x86_64 | 1.0.1 | 3.00 | 27.00 | 30.00 | OK | |
r-patched-linux-x86_64 | 1.0.1 | 0.76 | 15.72 | 16.48 | NOTE | |
r-patched-solaris-x86 | 1.0.1 | 33.50 | OK | |||
r-release-linux-x86_64 | 1.0.1 | 0.92 | 15.98 | 16.90 | NOTE | |
r-release-windows-ix86+x86_64 | 1.0.1 | 5.00 | 27.00 | 32.00 | OK | |
r-release-osx-x86_64 | 1.0.1 | OK | ||||
r-oldrel-windows-ix86+x86_64 | 1.0.1 | 2.00 | 33.00 | 35.00 | OK | |
r-oldrel-osx-x86_64 | 1.0.1 | OK |
Version: 1.0.1
Check: foreign function calls
Result: NOTE
Registration problems:
Evaluating ‘getNativeSymbolInfo("rs_activeManipulator", PACKAGE = "")’ during check gives error
‘no such symbol rs_activeManipulator’:
.Call(getNativeSymbolInfo("rs_activeManipulator", PACKAGE = ""))
Evaluating ‘getNativeSymbolInfo("rs_createUUID", PACKAGE = "")’ during check gives error
‘no such symbol rs_createUUID’:
.Call(getNativeSymbolInfo("rs_createUUID", PACKAGE = ""))
Evaluating ‘getNativeSymbolInfo("rs_ensureManipulatorSaved", PACKAGE = "")’ during check gives error
‘no such symbol rs_ensureManipulatorSaved’:
.Call(getNativeSymbolInfo("rs_ensureManipulatorSaved", PACKAGE = ""))
Evaluating ‘getNativeSymbolInfo("rs_executeAndAttachManipulator", PACKAGE = "")’ during check gives error
‘no such symbol rs_executeAndAttachManipulator’:
.Call(getNativeSymbolInfo("rs_executeAndAttachManipulator", PACKAGE = ""),
manipulator)
Evaluating ‘getNativeSymbolInfo("rs_hasActiveManipulator", PACKAGE = "")’ during check gives error
‘no such symbol rs_hasActiveManipulator’:
.Call(getNativeSymbolInfo("rs_hasActiveManipulator", PACKAGE = ""))
See chapter ‘System and foreign language interfaces’ in the ‘Writing R
Extensions’ manual.
Flavors: r-devel-linux-x86_64-debian-clang, r-devel-linux-x86_64-debian-gcc, r-patched-linux-x86_64, r-release-linux-x86_64