Last updated on 2018-11-24 00:51:12 CET.
Flavor | Version | Tinstall | Tcheck | Ttotal | Status | Flags |
---|---|---|---|---|---|---|
r-devel-linux-x86_64-debian-clang | 1.0.0-62 | 17.57 | 37.08 | 54.65 | OK | |
r-devel-linux-x86_64-debian-gcc | 1.0.0-62 | 15.22 | 30.48 | 45.70 | OK | |
r-devel-linux-x86_64-fedora-clang | 1.0.0-62 | 70.26 | NOTE | |||
r-devel-linux-x86_64-fedora-gcc | 1.0.0-62 | 67.40 | NOTE | |||
r-devel-windows-ix86+x86_64 | 1.0.0-62 | 42.00 | 70.00 | 112.00 | OK | |
r-patched-linux-x86_64 | 1.0.0-62 | 17.81 | 35.47 | 53.28 | OK | |
r-patched-solaris-x86 | 1.0.0-62 | 84.60 | NOTE | |||
r-release-linux-x86_64 | 1.0.0-62 | 16.80 | 35.62 | 52.42 | OK | |
r-release-windows-ix86+x86_64 | 1.0.0-62 | 41.00 | 75.00 | 116.00 | OK | |
r-release-osx-x86_64 | 1.0.0-62 | NOTE | ||||
r-oldrel-windows-ix86+x86_64 | 1.0.0-62 | 44.00 | 75.00 | 119.00 | OK | |
r-oldrel-osx-x86_64 | 1.0.0-62 | NOTE |
Version: 1.0.0-62
Check: dependencies in R code
Result: NOTE
Namespace in Imports field not imported from: ‘parallel’
All declared Imports should be used.
Flavors: r-devel-linux-x86_64-fedora-clang, r-devel-linux-x86_64-fedora-gcc, r-patched-solaris-x86, r-release-osx-x86_64, r-oldrel-osx-x86_64