CRAN Package Check Results for Package mdpeer

Last updated on 2018-11-24 00:51:13 CET.

Flavor Version Tinstall Tcheck Ttotal Status Flags
r-devel-linux-x86_64-debian-clang 1.0.1 2.80 53.36 56.16 OK
r-devel-linux-x86_64-debian-gcc 1.0.1 2.35 41.58 43.93 OK
r-devel-linux-x86_64-fedora-clang 1.0.1 65.54 NOTE
r-devel-linux-x86_64-fedora-gcc 1.0.1 62.68 NOTE
r-devel-windows-ix86+x86_64 1.0.1 12.00 96.00 108.00 OK
r-patched-linux-x86_64 1.0.1 2.80 49.52 52.32 NOTE
r-patched-solaris-x86 1.0.1 97.90 NOTE
r-release-linux-x86_64 1.0.1 2.35 49.66 52.01 NOTE
r-release-windows-ix86+x86_64 1.0.1 9.00 71.00 80.00 OK
r-release-osx-x86_64 1.0.1 NOTE
r-oldrel-windows-ix86+x86_64 1.0.1 8.00 85.00 93.00 OK
r-oldrel-osx-x86_64 1.0.1 NOTE

Check Details

Version: 1.0.1
Check: dependencies in R code
Result: NOTE
    Namespace in Imports field not imported from: ‘glmnet’
     All declared Imports should be used.
Flavors: r-devel-linux-x86_64-fedora-clang, r-devel-linux-x86_64-fedora-gcc, r-patched-solaris-x86, r-release-osx-x86_64, r-oldrel-osx-x86_64

Version: 1.0.1
Check: DESCRIPTION meta-information
Result: NOTE
    Dependence on R version ‘3.3.3’ not with patchlevel 0
Flavors: r-patched-linux-x86_64, r-release-linux-x86_64