CRAN Package Check Results for Package meboot

Last updated on 2018-11-24 00:51:13 CET.

Flavor Version Tinstall Tcheck Ttotal Status Flags
r-devel-linux-x86_64-debian-clang 1.4-7 3.36 47.77 51.13 OK
r-devel-linux-x86_64-debian-gcc 1.4-7 2.62 37.62 40.24 OK
r-devel-linux-x86_64-fedora-clang 1.4-7 59.20 NOTE
r-devel-linux-x86_64-fedora-gcc 1.4-7 58.44 NOTE
r-devel-windows-ix86+x86_64 1.4-7 14.00 113.00 127.00 OK
r-patched-linux-x86_64 1.4-7 3.64 45.08 48.72 OK
r-patched-solaris-x86 1.4-7 93.20 OK
r-release-linux-x86_64 1.4-7 2.84 45.33 48.17 OK
r-release-windows-ix86+x86_64 1.4-7 12.00 83.00 95.00 OK
r-release-osx-x86_64 1.4-7 OK
r-oldrel-windows-ix86+x86_64 1.4-7 12.00 84.00 96.00 OK
r-oldrel-osx-x86_64 1.4-7 OK

Check Details

Version: 1.4-7
Check: compiled code
Result: NOTE
    File ‘meboot/libs/meboot.so’:
     Found no calls to: ‘R_registerRoutines’, ‘R_useDynamicSymbols’
    
    It is good practice to register native routines and to disable symbol
    search.
    
    See ‘Writing portable packages’ in the ‘Writing R Extensions’ manual.
Flavors: r-devel-linux-x86_64-fedora-clang, r-devel-linux-x86_64-fedora-gcc