Last updated on 2018-11-24 00:51:13 CET.
Flavor | Version | Tinstall | Tcheck | Ttotal | Status | Flags |
---|---|---|---|---|---|---|
r-devel-linux-x86_64-debian-clang | 0.0.1 | 5.28 | 52.82 | 58.10 | OK | |
r-devel-linux-x86_64-debian-gcc | 0.0.1 | 3.98 | 43.64 | 47.62 | OK | |
r-devel-linux-x86_64-fedora-clang | 0.0.1 | 67.90 | NOTE | |||
r-devel-linux-x86_64-fedora-gcc | 0.0.1 | 69.14 | NOTE | |||
r-devel-windows-ix86+x86_64 | 0.0.1 | 10.00 | 82.00 | 92.00 | OK | |
r-patched-linux-x86_64 | 0.0.1 | 5.34 | 50.87 | 56.21 | OK | |
r-patched-solaris-x86 | 0.0.1 | 120.10 | NOTE | |||
r-release-linux-x86_64 | 0.0.1 | 5.63 | 50.47 | 56.10 | OK | |
r-release-windows-ix86+x86_64 | 0.0.1 | 12.00 | 78.00 | 90.00 | OK | |
r-release-osx-x86_64 | 0.0.1 | ERROR | ||||
r-oldrel-windows-ix86+x86_64 | 0.0.1 | 13.00 | 77.00 | 90.00 | OK | |
r-oldrel-osx-x86_64 | 0.0.1 | ERROR |
Version: 0.0.1
Check: dependencies in R code
Result: NOTE
Namespaces in Imports field not imported from:
‘RColorBrewer’ ‘RGtk2’ ‘RNifti’ ‘cairoDevice’ ‘gtools’ ‘jsonlite’
All declared Imports should be used.
Flavors: r-devel-linux-x86_64-fedora-clang, r-devel-linux-x86_64-fedora-gcc, r-patched-solaris-x86
Version: 0.0.1
Check: package dependencies
Result: ERROR
Packages required but not available: ‘gWidgetsRGtk2’ ‘RGtk2’ ‘cairoDevice’
See section ‘The DESCRIPTION file’ in the ‘Writing R Extensions’
manual.
Flavors: r-release-osx-x86_64, r-oldrel-osx-x86_64