CRAN Package Check Results for Package memnet

Last updated on 2018-11-24 00:51:13 CET.

Flavor Version Tinstall Tcheck Ttotal Status Flags
r-devel-linux-x86_64-debian-clang 0.1.0 51.98 39.81 91.79 OK
r-devel-linux-x86_64-debian-gcc 0.1.0 47.05 31.35 78.40 OK
r-devel-linux-x86_64-fedora-clang 0.1.0 130.14 NOTE
r-devel-linux-x86_64-fedora-gcc 0.1.0 126.18 OK
r-devel-windows-ix86+x86_64 0.1.0 135.00 92.00 227.00 OK
r-patched-linux-x86_64 0.1.0 57.58 38.15 95.73 OK
r-patched-solaris-x86 0.1.0 134.40 OK
r-release-linux-x86_64 0.1.0 64.37 37.92 102.29 OK
r-release-windows-ix86+x86_64 0.1.0 129.00 95.00 224.00 OK
r-release-osx-x86_64 0.1.0 OK
r-oldrel-windows-ix86+x86_64 0.1.0 132.00 92.00 224.00 OK
r-oldrel-osx-x86_64 0.1.0 OK

Check Details

Version: 0.1.0
Check: installed package size
Result: NOTE
     installed size is 5.2Mb
     sub-directories of 1Mb or more:
     doc 1.6Mb
     libs 3.3Mb
Flavor: r-devel-linux-x86_64-fedora-clang