CRAN Package Check Results for Package merlin

Last updated on 2018-11-24 00:51:13 CET.

Flavor Version Tinstall Tcheck Ttotal Status Flags
r-devel-linux-x86_64-debian-clang 0.0.1 5.41 201.35 206.76 OK
r-devel-linux-x86_64-debian-gcc 0.0.1 2.80 178.43 181.23 OK
r-devel-linux-x86_64-fedora-clang 0.0.1 252.47 NOTE
r-devel-linux-x86_64-fedora-gcc 0.0.1 249.85 NOTE
r-devel-windows-ix86+x86_64 0.0.1 8.00 254.00 262.00 OK
r-patched-linux-x86_64 0.0.1 5.21 197.10 202.31 OK
r-patched-solaris-x86 0.0.1 484.80 NOTE
r-release-linux-x86_64 0.0.1 3.24 198.42 201.66 OK
r-release-windows-ix86+x86_64 0.0.1 11.00 274.00 285.00 OK
r-release-osx-x86_64 0.0.1 NOTE
r-oldrel-windows-ix86+x86_64 0.0.1 10.00 401.00 411.00 OK
r-oldrel-osx-x86_64 0.0.1 NOTE

Check Details

Version: 0.0.1
Check: dependencies in R code
Result: NOTE
    Namespace in Imports field not imported from: ‘survival’
     All declared Imports should be used.
Flavors: r-devel-linux-x86_64-fedora-clang, r-devel-linux-x86_64-fedora-gcc, r-patched-solaris-x86, r-release-osx-x86_64, r-oldrel-osx-x86_64