Last updated on 2018-11-24 00:51:13 CET.
Flavor | Version | Tinstall | Tcheck | Ttotal | Status | Flags |
---|---|---|---|---|---|---|
r-devel-linux-x86_64-debian-clang | 0.1 | 53.54 | 660.61 | 714.15 | OK | |
r-devel-linux-x86_64-debian-gcc | 0.1 | 48.94 | 505.33 | 554.27 | OK | |
r-devel-linux-x86_64-fedora-clang | 0.1 | 826.48 | NOTE | |||
r-devel-linux-x86_64-fedora-gcc | 0.1 | 810.79 | OK | |||
r-devel-windows-ix86+x86_64 | 0.1 | 99.00 | 834.00 | 933.00 | OK | |
r-patched-linux-x86_64 | 0.1 | 53.43 | 621.35 | 674.78 | OK | |
r-patched-solaris-x86 | 0.1 | 222.30 | WARN | |||
r-release-linux-x86_64 | 0.1 | 54.90 | 602.37 | 657.27 | OK | |
r-release-windows-ix86+x86_64 | 0.1 | 106.00 | 735.00 | 841.00 | OK | |
r-release-osx-x86_64 | 0.1 | WARN | ||||
r-oldrel-windows-ix86+x86_64 | 0.1 | 104.00 | 831.00 | 935.00 | OK | |
r-oldrel-osx-x86_64 | 0.1 | WARN |
Version: 0.1
Check: installed package size
Result: NOTE
installed size is 21.5Mb
sub-directories of 1Mb or more:
doc 1.1Mb
libs 20.0Mb
Flavors: r-devel-linux-x86_64-fedora-clang, r-release-osx-x86_64, r-oldrel-osx-x86_64
Version: 0.1
Check: re-building of vignette outputs
Result: WARN
Error in re-building vignettes:
...
Warning in engine$weave(file, quiet = quiet, encoding = enc) :
Pandoc (>= 1.12.3) and/or pandoc-citeproc not available. Falling back to R Markdown v1.
Quitting from lines 91-94 (mgwrsar-basic_examples.Rmd)
Error: processing vignette 'mgwrsar-basic_examples.Rmd' failed with diagnostics:
there is no package called 'webshot'
Execution halted
Flavor: r-patched-solaris-x86
Version: 0.1
Check: re-building of vignette outputs
Result: WARN
Error in re-building vignettes:
...
Warning in engine$weave(file, quiet = quiet, encoding = enc) :
Pandoc (>= 1.12.3) and/or pandoc-citeproc not available. Falling back to R Markdown v1.
Quitting from lines 91-94 (mgwrsar-basic_examples.Rmd)
Error: processing vignette 'mgwrsar-basic_examples.Rmd' failed with diagnostics:
cannot open the connection
Execution halted
Flavors: r-release-osx-x86_64, r-oldrel-osx-x86_64