CRAN Package Check Results for Package minimalRSD

Last updated on 2018-11-24 00:51:14 CET.

Flavor Version Tinstall Tcheck Ttotal Status Flags
r-devel-linux-x86_64-debian-clang 1.0.0 0.88 17.67 18.55 OK
r-devel-linux-x86_64-debian-gcc 1.0.0 0.72 14.22 14.94 OK
r-devel-linux-x86_64-fedora-clang 1.0.0 22.20 NOTE
r-devel-linux-x86_64-fedora-gcc 1.0.0 20.82 NOTE
r-devel-windows-ix86+x86_64 1.0.0 3.00 25.00 28.00 OK
r-patched-linux-x86_64 1.0.0 0.95 16.47 17.42 OK
r-patched-solaris-x86 1.0.0 34.80 NOTE
r-release-linux-x86_64 1.0.0 0.84 16.62 17.46 OK
r-release-windows-ix86+x86_64 1.0.0 4.00 40.00 44.00 OK
r-release-osx-x86_64 1.0.0 NOTE
r-oldrel-windows-ix86+x86_64 1.0.0 2.00 38.00 40.00 OK
r-oldrel-osx-x86_64 1.0.0 NOTE

Check Details

Version: 1.0.0
Check: dependencies in R code
Result: NOTE
    Namespace in Imports field not imported from: ‘stats’
     All declared Imports should be used.
Flavors: r-devel-linux-x86_64-fedora-clang, r-devel-linux-x86_64-fedora-gcc, r-patched-solaris-x86, r-release-osx-x86_64, r-oldrel-osx-x86_64