CRAN Package Check Results for Package mixKernel

Last updated on 2018-11-24 00:51:14 CET.

Flavor Version Tinstall Tcheck Ttotal Status Flags
r-devel-linux-x86_64-debian-clang 0.2 0.51 1.96 2.47 ERROR
r-devel-linux-x86_64-debian-gcc 0.2 13.96 154.44 168.40 OK
r-devel-linux-x86_64-fedora-clang 0.2 250.46 OK
r-devel-linux-x86_64-fedora-gcc 0.2 236.94 OK
r-devel-windows-ix86+x86_64 0.2 44.00 268.00 312.00 OK
r-patched-linux-x86_64 0.2 15.52 185.68 201.20 OK
r-patched-solaris-x86 0.2 332.40 OK
r-release-linux-x86_64 0.2 14.53 184.27 198.80 OK
r-release-windows-ix86+x86_64 0.2 41.00 211.00 252.00 OK
r-release-osx-x86_64 0.2 OK
r-oldrel-windows-ix86+x86_64 0.2 43.00 191.00 234.00 OK
r-oldrel-osx-x86_64 0.2 WARN

Check Details

Version: 0.2
Check: package dependencies
Result: ERROR
    Package required but not available: ‘phyloseq’
    
    See section ‘The DESCRIPTION file’ in the ‘Writing R Extensions’
    manual.
Flavor: r-devel-linux-x86_64-debian-clang

Version: 0.2
Check: whether package can be installed
Result: WARN
    Found the following significant warnings:
     Warning: 'rgl_init' failed, running with rgl.useNULL = TRUE
Flavor: r-oldrel-osx-x86_64