Last updated on 2018-11-24 00:51:14 CET.
Flavor | Version | Tinstall | Tcheck | Ttotal | Status | Flags |
---|---|---|---|---|---|---|
r-devel-linux-x86_64-debian-clang | 1.1 | 1.85 | 26.90 | 28.75 | NOTE | |
r-devel-linux-x86_64-debian-gcc | 1.1 | 1.79 | 21.18 | 22.97 | NOTE | |
r-devel-linux-x86_64-fedora-clang | 1.1 | 34.40 | NOTE | |||
r-devel-linux-x86_64-fedora-gcc | 1.1 | 33.02 | NOTE | |||
r-devel-windows-ix86+x86_64 | 1.1 | 6.00 | 34.00 | 40.00 | NOTE | |
r-patched-linux-x86_64 | 1.1 | 2.22 | 25.28 | 27.50 | NOTE | |
r-patched-solaris-x86 | 1.1 | 49.80 | NOTE | |||
r-release-linux-x86_64 | 1.1 | 2.47 | 25.34 | 27.81 | NOTE | |
r-release-windows-ix86+x86_64 | 1.1 | 6.00 | 35.00 | 41.00 | NOTE | |
r-release-osx-x86_64 | 1.1 | NOTE | ||||
r-oldrel-windows-ix86+x86_64 | 1.1 | 3.00 | 48.00 | 51.00 | NOTE | |
r-oldrel-osx-x86_64 | 1.1 | NOTE |
Version: 1.1
Check: R code for possible problems
Result: NOTE
itemDescriptives : <anonymous>: no visible global function definition
for ‘cor’
itemFitPlot: no visible global function definition for ‘dev.new’
itemFitPlot: no visible global function definition for ‘jpeg’
itemFitPlot: no visible global function definition for ‘png’
itemFitPlot: no visible global function definition for ‘plot’
itemFitPlot: no visible global function definition for ‘polygon’
itemFitPlot: no visible global function definition for ‘text’
itemFitPlot: no visible global function definition for ‘abline’
itemFitPlot: no visible global function definition for ‘dev.off’
mixRasch: no visible global function definition for ‘flush.console’
person.reports: no visible global function definition for ‘na.omit’
personItemPlot: no visible global function definition for ‘hist’
personItemPlot: no visible global function definition for ‘dev.new’
personItemPlot: no visible global function definition for ‘jpeg’
personItemPlot: no visible global function definition for ‘png’
personItemPlot: no visible global function definition for ‘plot’
personItemPlot: no visible global function definition for ‘axis’
personItemPlot: no visible global function definition for ‘barplot’
personItemPlot: no visible global function definition for ‘legend’
personItemPlot: no visible global function definition for ‘dev.off’
polyserial: no visible global function definition for ‘complete.cases’
polyserial: no visible global function definition for ‘qnorm’
polyserial: no visible global function definition for ‘cor’
polyserial: no visible global function definition for ‘sd’
polyserial: no visible global function definition for ‘dnorm’
polyserial : negLogLik: no visible global function definition for
‘pnorm’
polyserial : negLogLik: no visible global function definition for
‘dnorm’
polyserial: no visible global function definition for ‘optim’
rICC: no visible global function definition for ‘na.omit’
rICC: no visible global function definition for ‘jpeg’
rICC: no visible global function definition for ‘png’
rICC: no visible global function definition for ‘plot’
rICC: no visible global function definition for ‘points’
rICC: no visible global function definition for ‘dev.off’
Undefined global functions or variables:
abline axis barplot complete.cases cor dev.new dev.off dnorm
flush.console hist jpeg legend na.omit optim plot png pnorm points
polygon qnorm sd text
Consider adding
importFrom("grDevices", "dev.new", "dev.off", "jpeg", "png")
importFrom("graphics", "abline", "axis", "barplot", "hist", "legend",
"plot", "points", "polygon", "text")
importFrom("stats", "complete.cases", "cor", "dnorm", "na.omit",
"optim", "pnorm", "qnorm", "sd")
importFrom("utils", "flush.console")
to your NAMESPACE file.
Flavors: r-devel-linux-x86_64-debian-clang, r-devel-linux-x86_64-debian-gcc, r-devel-linux-x86_64-fedora-clang, r-devel-linux-x86_64-fedora-gcc, r-devel-windows-ix86+x86_64, r-patched-linux-x86_64, r-patched-solaris-x86, r-release-linux-x86_64, r-release-windows-ix86+x86_64, r-release-osx-x86_64, r-oldrel-windows-ix86+x86_64, r-oldrel-osx-x86_64