CRAN Package Check Results for Package mmapcharr

Last updated on 2018-11-24 00:51:14 CET.

Flavor Version Tinstall Tcheck Ttotal Status Flags
r-devel-linux-x86_64-debian-clang 0.1.0 28.33 24.80 53.13 OK
r-devel-linux-x86_64-debian-gcc 0.1.0 24.10 20.33 44.43 OK
r-devel-linux-x86_64-fedora-clang 0.1.0 77.13 OK
r-devel-linux-x86_64-fedora-gcc 0.1.0 68.20 OK
r-devel-windows-ix86+x86_64 0.1.0 97.00 65.00 162.00 WARN
r-patched-linux-x86_64 0.1.0 31.24 23.34 54.58 NOTE
r-patched-solaris-x86 0.1.0 80.90 OK
r-release-linux-x86_64 0.1.0 30.11 23.22 53.33 NOTE
r-release-windows-ix86+x86_64 0.1.0 100.00 63.00 163.00 OK
r-release-osx-x86_64 0.1.0 OK
r-oldrel-windows-ix86+x86_64 0.1.0 104.00 80.00 184.00 OK
r-oldrel-osx-x86_64 0.1.0 OK

Check Details

Version: 0.1.0
Check: whether package can be installed
Result: WARN
    Found the following significant warnings:
     d:/RCompile/CRANpkg/lib/3.6/BH/include/boost/interprocess/detail/win32_api.hpp:145:9: warning: ISO C++ prohibits anonymous structs [-Wpedantic]
     d:/RCompile/CRANpkg/lib/3.6/BH/include/boost/interprocess/detail/win32_api.hpp:153:9: warning: ISO C++ prohibits anonymous structs [-Wpedantic]
     d:/RCompile/CRANpkg/lib/3.6/BH/include/boost/interprocess/detail/win32_api.hpp:178:13: warning: ISO C++ prohibits anonymous structs [-Wpedantic]
     d:/RCompile/CRANpkg/lib/3.6/BH/include/boost/interprocess/detail/win32_api.hpp:180:7: warning: ISO C++ prohibits anonymous structs [-Wpedantic]
Flavor: r-devel-windows-ix86+x86_64

Version: 0.1.0
Check: DESCRIPTION meta-information
Result: NOTE
    Dependence on R version ‘3.3.2’ not with patchlevel 0
Flavors: r-patched-linux-x86_64, r-release-linux-x86_64