Last updated on 2018-11-24 00:51:14 CET.
Flavor | Version | Tinstall | Tcheck | Ttotal | Status | Flags |
---|---|---|---|---|---|---|
r-devel-linux-x86_64-debian-clang | 0.1.0 | 22.45 | 78.57 | 101.02 | OK | |
r-devel-linux-x86_64-debian-gcc | 0.1.0 | 18.42 | 59.45 | 77.87 | OK | |
r-devel-linux-x86_64-fedora-clang | 0.1.0 | 132.16 | NOTE | |||
r-devel-linux-x86_64-fedora-gcc | 0.1.0 | 122.72 | NOTE | |||
r-devel-windows-ix86+x86_64 | 0.1.0 | 55.00 | 149.00 | 204.00 | OK | |
r-patched-linux-x86_64 | 0.1.0 | 22.71 | 75.89 | 98.60 | OK | |
r-patched-solaris-x86 | 0.1.0 | 181.90 | NOTE | |||
r-release-linux-x86_64 | 0.1.0 | 24.59 | 77.21 | 101.80 | OK | |
r-release-windows-ix86+x86_64 | 0.1.0 | 57.00 | 111.00 | 168.00 | OK | |
r-release-osx-x86_64 | 0.1.0 | NOTE | ||||
r-oldrel-windows-ix86+x86_64 | 0.1.0 | 55.00 | 107.00 | 162.00 | OK | |
r-oldrel-osx-x86_64 | 0.1.0 | NOTE |
Version: 0.1.0
Check: dependencies in R code
Result: NOTE
Namespace in Imports field not imported from: ‘sads’
All declared Imports should be used.
Flavors: r-devel-linux-x86_64-fedora-clang, r-devel-linux-x86_64-fedora-gcc, r-patched-solaris-x86, r-release-osx-x86_64, r-oldrel-osx-x86_64