Last updated on 2018-11-24 00:51:14 CET.
Flavor | Version | Tinstall | Tcheck | Ttotal | Status | Flags |
---|---|---|---|---|---|---|
r-devel-linux-x86_64-debian-clang | 0.4.1 | 49.88 | 24.39 | 74.27 | OK | |
r-devel-linux-x86_64-debian-gcc | 0.4.1 | 43.22 | 19.22 | 62.44 | OK | |
r-devel-linux-x86_64-fedora-clang | 0.4.1 | 107.50 | NOTE | |||
r-devel-linux-x86_64-fedora-gcc | 0.4.1 | 99.53 | NOTE | |||
r-devel-windows-ix86+x86_64 | 0.4.1 | 110.00 | 70.00 | 180.00 | OK | |
r-patched-linux-x86_64 | 0.4.1 | 51.67 | 22.83 | 74.50 | OK | |
r-patched-solaris-x86 | 0.4.1 | 99.00 | OK | |||
r-release-linux-x86_64 | 0.4.1 | 47.88 | 23.46 | 71.34 | OK | |
r-release-windows-ix86+x86_64 | 0.4.1 | 119.00 | 68.00 | 187.00 | OK | |
r-release-osx-x86_64 | 0.4.1 | OK | ||||
r-oldrel-windows-ix86+x86_64 | 0.4.1 | 119.00 | 67.00 | 186.00 | OK | |
r-oldrel-osx-x86_64 | 0.4.1 | OK |
Version: 0.4.1
Check: compiled code
Result: NOTE
File ‘mp/libs/mp.so’:
Found no calls to: ‘R_registerRoutines’, ‘R_useDynamicSymbols’
It is good practice to register native routines and to disable symbol
search.
See ‘Writing portable packages’ in the ‘Writing R Extensions’ manual.
Flavors: r-devel-linux-x86_64-fedora-clang, r-devel-linux-x86_64-fedora-gcc