CRAN Package Check Results for Package mrgsolve

Last updated on 2018-11-24 00:51:14 CET.

Flavor Version Tinstall Tcheck Ttotal Status Flags
r-devel-linux-x86_64-debian-clang 0.8.12 102.14 88.89 191.03 OK
r-devel-linux-x86_64-debian-gcc 0.8.12 95.12 66.56 161.68 OK
r-devel-linux-x86_64-fedora-clang 0.8.12 271.30 NOTE
r-devel-linux-x86_64-fedora-gcc 0.8.12 250.78 OK
r-devel-windows-ix86+x86_64 0.8.12 318.00 206.00 524.00 OK
r-patched-linux-x86_64 0.8.12 118.01 83.89 201.90 OK
r-patched-solaris-x86 0.8.12 270.80 OK
r-release-linux-x86_64 0.8.12 113.20 84.58 197.78 OK
r-release-windows-ix86+x86_64 0.8.12 329.00 182.00 511.00 OK
r-release-osx-x86_64 0.8.12 NOTE
r-oldrel-windows-ix86+x86_64 0.8.12 323.00 156.00 479.00 OK
r-oldrel-osx-x86_64 0.8.12 OK

Check Details

Version: 0.8.12
Check: installed package size
Result: NOTE
     installed size is 6.0Mb
     sub-directories of 1Mb or more:
     libs 4.5Mb
Flavors: r-devel-linux-x86_64-fedora-clang, r-release-osx-x86_64