CRAN Package Check Results for Package mssqlR

Last updated on 2018-11-24 00:51:15 CET.

Flavor Version Tinstall Tcheck Ttotal Status Flags
r-devel-linux-x86_64-debian-clang 1.0.0 1.14 17.87 19.01 OK
r-devel-linux-x86_64-debian-gcc 1.0.0 0.88 14.84 15.72 OK
r-devel-linux-x86_64-fedora-clang 1.0.0 22.60 OK
r-devel-linux-x86_64-fedora-gcc 1.0.0 21.15 OK
r-devel-windows-ix86+x86_64 1.0.0 3.00 39.00 42.00 OK
r-patched-linux-x86_64 1.0.0 1.05 17.01 18.06 OK
r-patched-solaris-x86 1.0.0 35.10 OK
r-release-linux-x86_64 1.0.0 0.96 17.17 18.13 OK
r-release-windows-ix86+x86_64 1.0.0 4.00 37.00 41.00 OK
r-release-osx-x86_64 1.0.0 ERROR
r-oldrel-windows-ix86+x86_64 1.0.0 3.00 36.00 39.00 OK
r-oldrel-osx-x86_64 1.0.0 ERROR

Check Details

Version: 1.0.0
Check: examples
Result: ERROR
    Running examples in ‘mssqlR-Ex.R’ failed
Flavors: r-release-osx-x86_64, r-oldrel-osx-x86_64