CRAN Package Check Results for Package munsellinterpol

Last updated on 2018-11-24 00:51:15 CET.

Flavor Version Tinstall Tcheck Ttotal Status Flags
r-devel-linux-x86_64-debian-clang 2.1-3 3.69 303.85 307.54 OK
r-devel-linux-x86_64-debian-gcc 2.1-3 3.90 228.98 232.88 OK
r-devel-linux-x86_64-fedora-clang 2.1-3 342.68 OK
r-devel-linux-x86_64-fedora-gcc 2.1-3 342.76 OK
r-devel-windows-ix86+x86_64 2.1-3 10.00 397.00 407.00 OK
r-patched-linux-x86_64 2.1-3 4.55 297.14 301.69 OK
r-patched-solaris-x86 2.1-3 379.20 WARN
r-release-linux-x86_64 2.1-3 3.06 296.23 299.29 OK
r-release-windows-ix86+x86_64 2.1-3 11.00 395.00 406.00 OK
r-release-osx-x86_64 2.1-3 WARN
r-oldrel-windows-ix86+x86_64 2.1-3 7.00 366.00 373.00 OK
r-oldrel-osx-x86_64 2.1-3 WARN

Check Details

Version: 2.1-3
Check: re-building of vignette outputs
Result: WARN
    Error in re-building vignettes:
     ...
    Warning in engine$weave(file, quiet = quiet, encoding = enc) :
     Pandoc (>= 1.12.3) and/or pandoc-citeproc not available. Falling back to R Markdown v1.
    Loading required package: geometry
    Loading required package: magic
    Loading required package: abind
    Loading required package: rootSolve
    Warning in engine$weave(file, quiet = quiet, encoding = enc) :
     Pandoc (>= 1.12.3) and/or pandoc-citeproc not available. Falling back to R Markdown v1.
    xyYfromXYZ(). WARN . 1 of 11 XYZ vectors could not be transformed.
    adaptxyY.CAT(). DEBUG. 11 neutrals (of 11) given special treatment.
    xyYfromXYZ(). WARN . 1 of 11 XYZ vectors could not be transformed.
    adaptxyY.CAT(). DEBUG. 11 neutrals (of 11) given special treatment.
    spacesXYZ::XYZfromxyY(). WARN . 7 of 93 xyY vectors could not be transformed.
    spacesXYZ::XYZfromxyY(). WARN . 7 of 93 xyY vectors could not be transformed.
    spacesXYZ::XYZfromxyY(). WARN . 7 of 93 xyY vectors could not be transformed.
    Quitting from lines 252-268 (munsellinterpol-guide.Rmd)
    Error: processing vignette 'munsellinterpol-guide.Rmd' failed with diagnostics:
    `render_flextable` needs to be used as a renderer for a knitr/rmarkdown R code chunk (render by rmarkdown)
    Execution halted
Flavors: r-patched-solaris-x86, r-release-osx-x86_64, r-oldrel-osx-x86_64