CRAN Package Check Results for Package mvcluster

Last updated on 2018-11-24 00:51:15 CET.

Flavor Version Tinstall Tcheck Ttotal Status Flags
r-devel-linux-x86_64-debian-clang 1.0 81.05 28.51 109.56 NOTE
r-devel-linux-x86_64-debian-gcc 1.0 67.65 21.82 89.47 NOTE
r-devel-linux-x86_64-fedora-clang 1.0 170.71 NOTE
r-devel-linux-x86_64-fedora-gcc 1.0 154.92 NOTE
r-devel-windows-ix86+x86_64 1.0 235.00 76.00 311.00 NOTE
r-patched-linux-x86_64 1.0 90.07 25.67 115.74 NOTE
r-patched-solaris-x86 1.0 168.40 NOTE
r-release-linux-x86_64 1.0 88.52 27.03 115.55 NOTE
r-release-windows-ix86+x86_64 1.0 257.00 78.00 335.00 NOTE
r-release-osx-x86_64 1.0 NOTE
r-oldrel-windows-ix86+x86_64 1.0 248.00 77.00 325.00 NOTE
r-oldrel-osx-x86_64 1.0 NOTE

Check Details

Version: 1.0
Check: DESCRIPTION meta-information
Result: NOTE
    Checking should be performed on sources prepared by ‘R CMD build’.
Flavors: r-devel-linux-x86_64-debian-clang, r-devel-linux-x86_64-debian-gcc, r-devel-linux-x86_64-fedora-clang, r-devel-linux-x86_64-fedora-gcc, r-devel-windows-ix86+x86_64, r-patched-linux-x86_64, r-patched-solaris-x86, r-release-linux-x86_64, r-release-windows-ix86+x86_64, r-release-osx-x86_64, r-oldrel-windows-ix86+x86_64, r-oldrel-osx-x86_64

Version: 1.0
Check: compiled code
Result: NOTE
    File ‘mvcluster/libs/mvcluster.so’:
     Found no calls to: ‘R_registerRoutines’, ‘R_useDynamicSymbols’
    
    It is good practice to register native routines and to disable symbol
    search.
    
    See ‘Writing portable packages’ in the ‘Writing R Extensions’ manual.
Flavors: r-devel-linux-x86_64-fedora-clang, r-devel-linux-x86_64-fedora-gcc