CRAN Package Check Results for Package mxkssd

Last updated on 2018-11-24 00:51:15 CET.

Flavor Version Tinstall Tcheck Ttotal Status Flags
r-devel-linux-x86_64-debian-clang 1.1 0.86 17.23 18.09 NOTE
r-devel-linux-x86_64-debian-gcc 1.1 0.67 13.85 14.52 NOTE
r-devel-linux-x86_64-fedora-clang 1.1 21.51 NOTE
r-devel-linux-x86_64-fedora-gcc 1.1 20.64 NOTE
r-devel-windows-ix86+x86_64 1.1 4.00 34.00 38.00 NOTE
r-patched-linux-x86_64 1.1 1.01 15.98 16.99 NOTE
r-patched-solaris-x86 1.1 34.30 NOTE
r-release-linux-x86_64 1.1 1.05 16.16 17.21 NOTE
r-release-windows-ix86+x86_64 1.1 4.00 36.00 40.00 NOTE
r-release-osx-x86_64 1.1 NOTE
r-oldrel-windows-ix86+x86_64 1.1 3.00 43.00 46.00 NOTE
r-oldrel-osx-x86_64 1.1 NOTE

Check Details

Version: 1.1
Check: R code for possible problems
Result: NOTE
    mxkssd: no visible global function definition for ‘txtProgressBar’
    mxkssd: no visible global function definition for ‘setTxtProgressBar’
    Undefined global functions or variables:
     setTxtProgressBar txtProgressBar
    Consider adding
     importFrom("utils", "setTxtProgressBar", "txtProgressBar")
    to your NAMESPACE file.
Flavors: r-devel-linux-x86_64-debian-clang, r-devel-linux-x86_64-debian-gcc, r-devel-linux-x86_64-fedora-clang, r-devel-linux-x86_64-fedora-gcc, r-devel-windows-ix86+x86_64, r-patched-linux-x86_64, r-patched-solaris-x86, r-release-linux-x86_64, r-release-windows-ix86+x86_64, r-release-osx-x86_64, r-oldrel-windows-ix86+x86_64, r-oldrel-osx-x86_64