Last updated on 2018-11-24 00:51:15 CET.
Flavor | Version | Tinstall | Tcheck | Ttotal | Status | Flags |
---|---|---|---|---|---|---|
r-devel-linux-x86_64-debian-clang | 2.16.0.0 | 15.49 | 66.92 | 82.41 | NOTE | |
r-devel-linux-x86_64-debian-gcc | 2.16.0.0 | 13.15 | 54.52 | 67.67 | NOTE | |
r-devel-linux-x86_64-fedora-clang | 2.16.0.0 | 106.99 | NOTE | |||
r-devel-linux-x86_64-fedora-gcc | 2.16.0.0 | 96.21 | NOTE | |||
r-devel-windows-ix86+x86_64 | 2.16.0.0 | 46.00 | 130.00 | 176.00 | NOTE | |
r-patched-linux-x86_64 | 2.16.0.0 | 15.84 | 64.31 | 80.15 | NOTE | |
r-patched-solaris-x86 | 2.16.0.0 | 141.50 | NOTE | |||
r-release-linux-x86_64 | 2.16.0.0 | 15.18 | 64.60 | 79.78 | NOTE | |
r-release-windows-ix86+x86_64 | 2.16.0.0 | 57.00 | 127.00 | 184.00 | NOTE | |
r-release-osx-x86_64 | 2.16.0.0 | NOTE | ||||
r-oldrel-windows-ix86+x86_64 | 2.16.0.0 | 40.00 | 135.00 | 175.00 | NOTE | |
r-oldrel-osx-x86_64 | 2.16.0.0 | NOTE |
Version: 2.16.0.0
Check: package dependencies
Result: NOTE
Package which this enhances but not available for checking: ‘asreml’
Flavors: r-devel-linux-x86_64-debian-clang, r-devel-linux-x86_64-debian-gcc, r-devel-linux-x86_64-fedora-clang, r-devel-linux-x86_64-fedora-gcc, r-devel-windows-ix86+x86_64, r-patched-linux-x86_64, r-patched-solaris-x86, r-release-linux-x86_64, r-release-windows-ix86+x86_64, r-release-osx-x86_64, r-oldrel-windows-ix86+x86_64, r-oldrel-osx-x86_64