CRAN Package Check Results for Package ncappc

Last updated on 2018-11-24 00:51:15 CET.

Flavor Version Tinstall Tcheck Ttotal Status Flags
r-devel-linux-x86_64-debian-clang 0.3.0 8.68 66.72 75.40 OK
r-devel-linux-x86_64-debian-gcc 0.3.0 7.68 52.32 60.00 OK
r-devel-linux-x86_64-fedora-clang 0.3.0 89.80 NOTE
r-devel-linux-x86_64-fedora-gcc 0.3.0 85.67 NOTE
r-devel-windows-ix86+x86_64 0.3.0 18.00 102.00 120.00 OK
r-patched-linux-x86_64 0.3.0 6.09 63.47 69.56 OK
r-patched-solaris-x86 0.3.0 124.50 NOTE
r-release-linux-x86_64 0.3.0 6.78 63.76 70.54 OK
r-release-windows-ix86+x86_64 0.3.0 20.00 91.00 111.00 OK
r-release-osx-x86_64 0.3.0 NOTE
r-oldrel-windows-ix86+x86_64 0.3.0 13.00 131.00 144.00 OK
r-oldrel-osx-x86_64 0.3.0 NOTE

Check Details

Version: 0.3.0
Check: dependencies in R code
Result: NOTE
    Namespace in Imports field not imported from: ‘bookdown’
     All declared Imports should be used.
Flavors: r-devel-linux-x86_64-fedora-clang, r-devel-linux-x86_64-fedora-gcc, r-patched-solaris-x86, r-release-osx-x86_64, r-oldrel-osx-x86_64