Last updated on 2018-11-24 00:51:15 CET.
Flavor | Version | Tinstall | Tcheck | Ttotal | Status | Flags |
---|---|---|---|---|---|---|
r-devel-linux-x86_64-debian-clang | 1.0 | 2.50 | 16.33 | 18.83 | NOTE | |
r-devel-linux-x86_64-debian-gcc | 1.0 | 2.38 | 13.49 | 15.87 | NOTE | |
r-devel-linux-x86_64-fedora-clang | 1.0 | 23.86 | NOTE | |||
r-devel-linux-x86_64-fedora-gcc | 1.0 | 22.01 | NOTE | |||
r-devel-windows-ix86+x86_64 | 1.0 | 13.00 | 35.00 | 48.00 | NOTE | |
r-patched-linux-x86_64 | 1.0 | 2.76 | 15.42 | 18.18 | NOTE | |
r-patched-solaris-x86 | 1.0 | 35.60 | NOTE | |||
r-release-linux-x86_64 | 1.0 | 3.10 | 15.62 | 18.72 | NOTE | |
r-release-windows-ix86+x86_64 | 1.0 | 14.00 | 37.00 | 51.00 | NOTE | |
r-release-osx-x86_64 | 1.0 | NOTE | ||||
r-oldrel-windows-ix86+x86_64 | 1.0 | 10.00 | 45.00 | 55.00 | NOTE | |
r-oldrel-osx-x86_64 | 1.0 | NOTE |
Version: 1.0
Check: DESCRIPTION meta-information
Result: NOTE
Malformed Description field: should contain one or more complete sentences.
Flavors: r-devel-linux-x86_64-debian-clang, r-devel-linux-x86_64-debian-gcc, r-devel-linux-x86_64-fedora-clang, r-devel-linux-x86_64-fedora-gcc, r-devel-windows-ix86+x86_64, r-patched-linux-x86_64, r-patched-solaris-x86, r-release-linux-x86_64, r-release-windows-ix86+x86_64, r-release-osx-x86_64, r-oldrel-windows-ix86+x86_64, r-oldrel-osx-x86_64
Version: 1.0
Check: compiled code
Result: NOTE
File ‘neariso/libs/neariso.so’:
Found no calls to: ‘R_registerRoutines’, ‘R_useDynamicSymbols’
It is good practice to register native routines and to disable symbol
search.
See ‘Writing portable packages’ in the ‘Writing R Extensions’ manual.
Flavors: r-devel-linux-x86_64-fedora-clang, r-devel-linux-x86_64-fedora-gcc