CRAN Package Check Results for Package nzelect

Last updated on 2018-11-24 00:51:16 CET.

Flavor Version Tinstall Tcheck Ttotal Status Flags
r-devel-linux-x86_64-debian-clang 0.4.0 9.76 38.98 48.74 OK --no-vignettes
r-devel-linux-x86_64-debian-gcc 0.4.0 9.58 31.59 41.17 OK --no-vignettes
r-devel-linux-x86_64-fedora-clang 0.4.0 62.00 NOTE --no-vignettes
r-devel-linux-x86_64-fedora-gcc 0.4.0 62.07 NOTE --no-vignettes
r-devel-windows-ix86+x86_64 0.4.0 18.00 93.00 111.00 OK
r-patched-linux-x86_64 0.4.0 11.29 37.34 48.63 OK --no-vignettes
r-patched-solaris-x86 0.4.0 134.00 NOTE
r-release-linux-x86_64 0.4.0 10.37 37.61 47.98 OK --no-vignettes
r-release-windows-ix86+x86_64 0.4.0 20.00 75.00 95.00 OK
r-release-osx-x86_64 0.4.0 NOTE
r-oldrel-windows-ix86+x86_64 0.4.0 19.00 78.00 97.00 OK
r-oldrel-osx-x86_64 0.4.0 NOTE

Check Details

Version: 0.4.0
Flags: --no-vignettes
Check: data for non-ASCII characters
Result: NOTE
     Note: found 6409 marked UTF-8 strings
Flavors: r-devel-linux-x86_64-fedora-clang, r-devel-linux-x86_64-fedora-gcc

Version: 0.4.0
Check: data for non-ASCII characters
Result: NOTE
     Note: found 6409 marked UTF-8 strings
Flavors: r-patched-solaris-x86, r-release-osx-x86_64, r-oldrel-osx-x86_64