CRAN Package Check Results for Package onlinePCA

Last updated on 2018-11-24 00:51:16 CET.

Flavor Version Tinstall Tcheck Ttotal Status Flags
r-devel-linux-x86_64-debian-clang 1.3.1 39.86 60.57 100.43 OK
r-devel-linux-x86_64-debian-gcc 1.3.1 34.92 49.09 84.01 OK
r-devel-linux-x86_64-fedora-clang 1.3.1 130.77 NOTE
r-devel-linux-x86_64-fedora-gcc 1.3.1 125.84 NOTE
r-devel-windows-ix86+x86_64 1.3.1 95.00 126.00 221.00 OK
r-patched-linux-x86_64 1.3.1 41.92 57.96 99.88 OK
r-patched-solaris-x86 1.3.1 156.90 OK
r-release-linux-x86_64 1.3.1 44.48 57.59 102.07 OK
r-release-windows-ix86+x86_64 1.3.1 93.00 128.00 221.00 OK
r-release-osx-x86_64 1.3.1 OK
r-oldrel-windows-ix86+x86_64 1.3.1 108.00 118.00 226.00 OK
r-oldrel-osx-x86_64 1.3.1 OK

Check Details

Version: 1.3.1
Check: compiled code
Result: NOTE
    File ‘onlinePCA/libs/onlinePCA.so’:
     Found no calls to: ‘R_registerRoutines’, ‘R_useDynamicSymbols’
    
    It is good practice to register native routines and to disable symbol
    search.
    
    See ‘Writing portable packages’ in the ‘Writing R Extensions’ manual.
Flavors: r-devel-linux-x86_64-fedora-clang, r-devel-linux-x86_64-fedora-gcc