Last updated on 2018-11-24 00:51:16 CET.
Flavor | Version | Tinstall | Tcheck | Ttotal | Status | Flags |
---|---|---|---|---|---|---|
r-devel-linux-x86_64-debian-clang | 2.0.2 | 137.10 | 231.96 | 369.06 | OK | |
r-devel-linux-x86_64-debian-gcc | 2.0.2 | 120.35 | 188.84 | 309.19 | OK | |
r-devel-linux-x86_64-fedora-clang | 2.0.2 | 497.76 | NOTE | |||
r-devel-linux-x86_64-fedora-gcc | 2.0.2 | 470.87 | OK | |||
r-devel-windows-ix86+x86_64 | 2.0.2 | 383.00 | 421.00 | 804.00 | OK | |
r-patched-linux-x86_64 | 2.0.2 | 122.77 | 222.87 | 345.64 | OK | |
r-patched-solaris-x86 | 2.0.2 | 657.90 | OK | |||
r-release-linux-x86_64 | 2.0.2 | 141.91 | 223.46 | 365.37 | OK | |
r-release-windows-ix86+x86_64 | 2.0.2 | 405.00 | 371.00 | 776.00 | OK | |
r-release-osx-x86_64 | 2.0.2 | WARN | ||||
r-oldrel-osx-x86_64 | 2.0.2 | ERROR |
Version: 2.0.2
Check: installed package size
Result: NOTE
installed size is 6.2Mb
sub-directories of 1Mb or more:
extdata 1.8Mb
libs 3.3Mb
Flavors: r-devel-linux-x86_64-fedora-clang, r-release-osx-x86_64
Version: 2.0.2
Check: whether package can be installed
Result: WARN
Found the following significant warnings:
Warning: 'rgl_init' failed, running with rgl.useNULL = TRUE
Flavor: r-release-osx-x86_64
Version: 2.0.2
Check: whether package can be installed
Result: ERROR
Installation failed.
Flavor: r-oldrel-osx-x86_64