Last updated on 2018-11-24 00:51:16 CET.
Flavor | Version | Tinstall | Tcheck | Ttotal | Status | Flags |
---|---|---|---|---|---|---|
r-devel-linux-x86_64-debian-clang | 1.1 | 1.21 | 20.42 | 21.63 | NOTE | |
r-devel-linux-x86_64-debian-gcc | 1.1 | 1.06 | 16.76 | 17.82 | NOTE | |
r-devel-linux-x86_64-fedora-clang | 1.1 | 25.77 | NOTE | |||
r-devel-linux-x86_64-fedora-gcc | 1.1 | 24.45 | NOTE | |||
r-devel-windows-ix86+x86_64 | 1.1 | 4.00 | 43.00 | 47.00 | NOTE | |
r-patched-linux-x86_64 | 1.1 | 1.20 | 19.06 | 20.26 | NOTE | |
r-patched-solaris-x86 | 1.1 | 37.30 | NOTE | |||
r-release-linux-x86_64 | 1.1 | 0.96 | 19.06 | 20.02 | NOTE | |
r-release-windows-ix86+x86_64 | 1.1 | 4.00 | 41.00 | 45.00 | NOTE | |
r-release-osx-x86_64 | 1.1 | NOTE | ||||
r-oldrel-windows-ix86+x86_64 | 1.1 | 4.00 | 33.00 | 37.00 | NOTE | |
r-oldrel-osx-x86_64 | 1.1 | NOTE |
Version: 1.1
Check: DESCRIPTION meta-information
Result: NOTE
Malformed Description field: should contain one or more complete sentences.
Flavors: r-devel-linux-x86_64-debian-clang, r-devel-linux-x86_64-debian-gcc, r-devel-linux-x86_64-fedora-clang, r-devel-linux-x86_64-fedora-gcc, r-devel-windows-ix86+x86_64, r-patched-linux-x86_64, r-patched-solaris-x86, r-release-linux-x86_64, r-release-windows-ix86+x86_64, r-release-osx-x86_64, r-oldrel-windows-ix86+x86_64, r-oldrel-osx-x86_64
Version: 1.1
Check: R code for possible problems
Result: NOTE
calc.stress: no visible global function definition for ‘sd’
opscale: no visible global function definition for ‘sd’
Undefined global functions or variables:
sd
Consider adding
importFrom("stats", "sd")
to your NAMESPACE file.
Flavors: r-devel-linux-x86_64-debian-clang, r-devel-linux-x86_64-debian-gcc, r-devel-linux-x86_64-fedora-clang, r-devel-linux-x86_64-fedora-gcc, r-devel-windows-ix86+x86_64, r-patched-linux-x86_64, r-patched-solaris-x86, r-release-linux-x86_64, r-release-windows-ix86+x86_64, r-release-osx-x86_64, r-oldrel-windows-ix86+x86_64, r-oldrel-osx-x86_64