Last updated on 2018-11-24 00:51:17 CET.
Flavor | Version | Tinstall | Tcheck | Ttotal | Status | Flags |
---|---|---|---|---|---|---|
r-devel-linux-x86_64-debian-clang | 0.4-1 | 1.00 | 20.16 | 21.16 | OK | |
r-devel-linux-x86_64-debian-gcc | 0.4-1 | 0.78 | 16.25 | 17.03 | OK | |
r-devel-linux-x86_64-fedora-clang | 0.4-1 | 25.69 | OK | |||
r-devel-linux-x86_64-fedora-gcc | 0.4-1 | 24.69 | OK | |||
r-devel-windows-ix86+x86_64 | 0.4-1 | 3.00 | 35.00 | 38.00 | OK | |
r-patched-linux-x86_64 | 0.4-1 | 0.82 | 19.07 | 19.89 | OK | |
r-patched-solaris-x86 | 0.4-1 | 39.50 | OK | |||
r-release-linux-x86_64 | 0.4-1 | 0.86 | 19.05 | 19.91 | OK | |
r-release-windows-ix86+x86_64 | 0.4-1 | 3.00 | 50.00 | 53.00 | OK | |
r-release-osx-x86_64 | 0.4-1 | OK | ||||
r-oldrel-windows-ix86+x86_64 | 0.4-1 | 2.00 | 45.00 | 47.00 | OK | |
r-oldrel-osx-x86_64 | 0.4-1 | NOTE |
Version: 0.4-1
Check: re-building of vignette outputs
Result: NOTE
Error in re-building vignettes:
...
Loading required package: orgutils
Error in texi2dvi(file = file, pdf = TRUE, clean = clean, quiet = quiet, :
Running 'texi2dvi' on 'orgutils_examples.tex' failed.
LaTeX errors:
! LaTeX Error: File `libertine.sty' not found.
Type X to quit or <RETURN> to proceed,
or enter new name. (Default extension: sty)
! Emergency stop.
<read *>
l.6 \usepackage
[scaled=0.8]{DejaVuSansMono}^^M
! ==> Fatal error occurred, no output PDF file produced!
Calls: buildVignettes -> texi2pdf -> texi2dvi
Execution halted
Flavor: r-oldrel-osx-x86_64