CRAN Package Check Results for Package orthoDr

Last updated on 2018-11-24 00:51:17 CET.

Flavor Version Tinstall Tcheck Ttotal Status Flags
r-devel-linux-x86_64-debian-clang 0.5.1 190.80 75.17 265.97 OK
r-devel-linux-x86_64-debian-gcc 0.5.1 154.33 60.98 215.31 OK
r-devel-linux-x86_64-fedora-clang 0.5.1 383.68 NOTE
r-devel-linux-x86_64-fedora-gcc 0.5.1 334.36 OK
r-devel-windows-ix86+x86_64 0.5.1 457.00 166.00 623.00 OK
r-patched-linux-x86_64 0.5.1 184.67 72.94 257.61 OK
r-patched-solaris-x86 0.5.1 368.90 OK
r-release-linux-x86_64 0.5.1 178.92 72.01 250.93 OK
r-release-windows-ix86+x86_64 0.5.1 449.00 157.00 606.00 OK
r-release-osx-x86_64 0.5.1 NOTE
r-oldrel-windows-ix86+x86_64 0.5.1 476.00 155.00 631.00 OK
r-oldrel-osx-x86_64 0.5.1 NOTE

Check Details

Version: 0.5.1
Check: installed package size
Result: NOTE
     installed size is 12.9Mb
     sub-directories of 1Mb or more:
     libs 12.6Mb
Flavors: r-devel-linux-x86_64-fedora-clang, r-release-osx-x86_64, r-oldrel-osx-x86_64