CRAN Package Check Results for Package pafdR

Last updated on 2018-11-24 00:51:17 CET.

Flavor Version Tinstall Tcheck Ttotal Status Flags
r-devel-linux-x86_64-debian-clang 1.0 1.06 22.18 23.24 OK
r-devel-linux-x86_64-debian-gcc 1.0 0.98 18.26 19.24 OK
r-devel-linux-x86_64-fedora-clang 1.0 28.43 OK
r-devel-linux-x86_64-fedora-gcc 1.0 27.35 OK
r-devel-windows-ix86+x86_64 1.0 3.00 42.00 45.00 OK
r-patched-linux-x86_64 1.0 1.13 21.06 22.19 NOTE
r-patched-solaris-x86 1.0 43.40 OK
r-release-linux-x86_64 1.0 1.03 21.04 22.07 NOTE
r-release-windows-ix86+x86_64 1.0 7.00 36.00 43.00 OK
r-release-osx-x86_64 1.0 OK
r-oldrel-windows-ix86+x86_64 1.0 4.00 36.00 40.00 OK
r-oldrel-osx-x86_64 1.0 OK

Check Details

Version: 1.0
Check: DESCRIPTION meta-information
Result: NOTE
    Dependence on R version ‘3.3.3’ not with patchlevel 0
Flavors: r-patched-linux-x86_64, r-release-linux-x86_64