CRAN Package Check Results for Package pbdBASE

Last updated on 2018-11-24 00:51:17 CET.

Flavor Version Tinstall Tcheck Ttotal Status Flags
r-devel-linux-x86_64-debian-clang 0.4-5.1 12.21 34.04 46.25 NOTE
r-devel-linux-x86_64-debian-gcc 0.4-5.1 10.42 29.71 40.13 NOTE
r-devel-linux-x86_64-fedora-clang 0.4-5.1 60.61 NOTE
r-devel-linux-x86_64-fedora-gcc 0.4-5.1 59.63 NOTE
r-devel-windows-ix86+x86_64 0.4-5.1 99.00 71.00 170.00 OK
r-patched-linux-x86_64 0.4-5.1 11.85 32.13 43.98 OK
r-patched-solaris-x86 0.4-5.1 85.10 OK
r-release-linux-x86_64 0.4-5.1 12.28 33.84 46.12 OK
r-release-windows-ix86+x86_64 0.4-5.1 78.00 68.00 146.00 OK
r-release-osx-x86_64 0.4-5.1 ERROR
r-oldrel-windows-ix86+x86_64 0.4-5.1 80.00 90.00 170.00 OK
r-oldrel-osx-x86_64 0.4-5.1 ERROR

Check Details

Version: 0.4-5.1
Check: use of SHLIB_OPENMP_*FLAGS in Makefiles
Result: NOTE
     src/Makevars.in: SHLIB_OPENMP_FCFLAGS is included in PKG_FCFLAGS but not in PKG_LIBS
     src/Makevars.win: SHLIB_OPENMP_FCFLAGS is included in PKG_FCFLAGS but not in PKG_LIBS
    Use of these macros is discussed in sect 1.2.1.1 of ‘Writing R
    Extensions’. The macros for different languages may differ so the
    matching macro must be used in PKG_CXXFLAGS (etc) and match that used
    in PKG_LIBS (except for F77: see the manual).
Flavors: r-devel-linux-x86_64-debian-clang, r-devel-linux-x86_64-debian-gcc

Version: 0.4-5.1
Check: use of SHLIB_OPENMP_*FLAGS in Makefiles
Result: NOTE
     src/Makevars: SHLIB_OPENMP_FCFLAGS is included in PKG_FCFLAGS but not in PKG_LIBS
     src/Makevars.in: SHLIB_OPENMP_FCFLAGS is included in PKG_FCFLAGS but not in PKG_LIBS
     src/Makevars.win: SHLIB_OPENMP_FCFLAGS is included in PKG_FCFLAGS but not in PKG_LIBS
    Use of these macros is discussed in sect 1.2.1.1 of ‘Writing R
    Extensions’. The macros for different languages may differ so the
    matching macro must be used in PKG_CXXFLAGS (etc) and match that used
    in PKG_LIBS (except for F77: see the manual).
Flavors: r-devel-linux-x86_64-fedora-clang, r-devel-linux-x86_64-fedora-gcc

Version: 0.4-5.1
Check: compiled code
Result: NOTE
    File ‘pbdBASE/libs/pbdBASE.so’:
     Found no calls to: ‘R_registerRoutines’, ‘R_useDynamicSymbols’
    
    It is good practice to register native routines and to disable symbol
    search.
    
    See ‘Writing portable packages’ in the ‘Writing R Extensions’ manual.
Flavors: r-devel-linux-x86_64-fedora-clang, r-devel-linux-x86_64-fedora-gcc

Version: 0.4-5.1
Check: package dependencies
Result: ERROR
    Packages required but not available: ‘pbdMPI’ ‘pbdSLAP’
    
    See section ‘The DESCRIPTION file’ in the ‘Writing R Extensions’
    manual.
Flavors: r-release-osx-x86_64, r-oldrel-osx-x86_64