Last updated on 2018-11-24 00:51:17 CET.
Flavor | Version | Tinstall | Tcheck | Ttotal | Status | Flags |
---|---|---|---|---|---|---|
r-devel-linux-x86_64-debian-clang | 1.0.3 | 12.42 | 21.99 | 34.41 | OK | |
r-devel-linux-x86_64-debian-gcc | 1.0.3 | 9.41 | 19.46 | 28.87 | OK | |
r-devel-linux-x86_64-fedora-clang | 1.0.3 | 50.66 | NOTE | |||
r-devel-linux-x86_64-fedora-gcc | 1.0.3 | 46.24 | NOTE | |||
r-devel-windows-ix86+x86_64 | 1.0.3 | 37.00 | 65.00 | 102.00 | OK | |
r-patched-linux-x86_64 | 1.0.3 | 10.68 | 22.13 | 32.81 | OK | |
r-patched-solaris-x86 | 1.0.3 | 61.50 | OK | |||
r-release-linux-x86_64 | 1.0.3 | 9.90 | 22.04 | 31.94 | OK | |
r-release-windows-ix86+x86_64 | 1.0.3 | 35.00 | 49.00 | 84.00 | OK | |
r-release-osx-x86_64 | 1.0.3 | OK | ||||
r-oldrel-windows-ix86+x86_64 | 1.0.3 | 36.00 | 64.00 | 100.00 | OK | |
r-oldrel-osx-x86_64 | 1.0.3 | OK |
Version: 1.0.3
Check: compiled code
Result: NOTE
File ‘pdc/libs/pdc.so’:
Found no calls to: ‘R_registerRoutines’, ‘R_useDynamicSymbols’
It is good practice to register native routines and to disable symbol
search.
See ‘Writing portable packages’ in the ‘Writing R Extensions’ manual.
Flavors: r-devel-linux-x86_64-fedora-clang, r-devel-linux-x86_64-fedora-gcc