CRAN Package Check Results for Package permGPU

Last updated on 2018-11-24 00:51:17 CET.

Flavor Version Tinstall Tcheck Ttotal Status Flags
r-devel-linux-x86_64-debian-clang 0.14.9 5.82 59.57 65.39 OK --no-examples --no-tests --no-vignettes
r-devel-linux-x86_64-debian-gcc 0.14.9 4.52 47.86 52.38 OK --no-examples --no-tests --no-vignettes
r-patched-linux-x86_64 0.14.9 4.56 57.07 61.63 OK --no-examples --no-tests --no-vignettes
r-release-linux-x86_64 0.14.9 3.72 56.56 60.28 OK --no-examples --no-tests --no-vignettes
r-release-osx-x86_64 0.14.9 ERROR
r-oldrel-osx-x86_64 0.14.9 ERROR

Check Details

Version: 0.14.9
Check: whether package can be installed
Result: ERROR
    Installation failed.
Flavors: r-release-osx-x86_64, r-oldrel-osx-x86_64