CRAN Package Check Results for Package pheno2geno

Last updated on 2018-11-24 00:51:18 CET.

Flavor Version Tinstall Tcheck Ttotal Status Flags
r-devel-linux-x86_64-debian-clang 1.4.0 10.14 105.17 115.31 OK
r-devel-linux-x86_64-debian-gcc 1.4.0 8.19 80.90 89.09 OK
r-devel-linux-x86_64-fedora-clang 1.4.0 132.24 OK
r-devel-linux-x86_64-fedora-gcc 1.4.0 136.61 OK
r-devel-windows-ix86+x86_64 1.4.0 17.00 153.00 170.00 OK
r-patched-linux-x86_64 1.4.0 9.43 101.04 110.47 OK
r-patched-solaris-x86 1.4.0 189.60 OK
r-release-linux-x86_64 1.4.0 6.39 100.12 106.51 OK
r-release-windows-ix86+x86_64 1.4.0 19.00 116.00 135.00 OK
r-release-osx-x86_64 1.4.0 OK
r-oldrel-windows-ix86+x86_64 1.4.0 13.00 114.00 127.00 OK
r-oldrel-osx-x86_64 1.4.0 NOTE

Check Details

Version: 1.4.0
Check: package dependencies
Result: NOTE
    Package suggested but not available for checking: ‘RankProd’
Flavor: r-oldrel-osx-x86_64

Version: 1.4.0
Check: Rd cross-references
Result: NOTE
    Package unavailable to check Rd xrefs: ‘RankProd’
Flavor: r-oldrel-osx-x86_64