Last updated on 2018-11-24 00:51:18 CET.
Flavor | Version | Tinstall | Tcheck | Ttotal | Status | Flags |
---|---|---|---|---|---|---|
r-devel-linux-x86_64-debian-clang | 0.27 | 8.55 | 49.49 | 58.04 | OK | |
r-devel-linux-x86_64-debian-gcc | 0.27 | 4.92 | 39.60 | 44.52 | OK | |
r-devel-linux-x86_64-fedora-clang | 0.27 | 95.95 | NOTE | |||
r-devel-linux-x86_64-fedora-gcc | 0.27 | 94.88 | NOTE | |||
r-devel-windows-ix86+x86_64 | 0.27 | 14.00 | 78.00 | 92.00 | WARN | |
r-patched-linux-x86_64 | 0.27 | 7.35 | 47.74 | 55.09 | OK | |
r-patched-solaris-x86 | 0.27 | 89.60 | NOTE | |||
r-release-linux-x86_64 | 0.27 | 8.28 | 48.55 | 56.83 | OK | |
r-release-windows-ix86+x86_64 | 0.27 | 15.00 | 66.00 | 81.00 | WARN | |
r-release-osx-x86_64 | 0.27 | NOTE | ||||
r-oldrel-windows-ix86+x86_64 | 0.27 | 14.00 | 99.00 | 113.00 | OK | |
r-oldrel-osx-x86_64 | 0.27 | NOTE |
Version: 0.27
Check: dependencies in R code
Result: NOTE
Namespaces in Imports field not imported from:
‘magrittr’ ‘stringi’
All declared Imports should be used.
Flavors: r-devel-linux-x86_64-fedora-clang, r-devel-linux-x86_64-fedora-gcc, r-patched-solaris-x86, r-release-osx-x86_64, r-oldrel-osx-x86_64
Version: 0.27
Check: whether package can be installed
Result: WARN
Found the following significant warnings:
Warning: S3 method 'format.SQLiteConnection' was declared in NAMESPACE but not found
Flavors: r-devel-windows-ix86+x86_64, r-release-windows-ix86+x86_64