Last updated on 2018-11-24 00:51:18 CET.
Flavor | Version | Tinstall | Tcheck | Ttotal | Status | Flags |
---|---|---|---|---|---|---|
r-devel-linux-x86_64-debian-clang | 0.7.10 | 13.46 | 137.67 | 151.13 | OK | |
r-devel-linux-x86_64-debian-gcc | 0.7.10 | 12.33 | 103.37 | 115.70 | OK | |
r-devel-linux-x86_64-fedora-clang | 0.7.10 | 176.80 | OK | |||
r-devel-linux-x86_64-fedora-gcc | 0.7.10 | 175.55 | OK | |||
r-devel-windows-ix86+x86_64 | 0.7.10 | 34.00 | 172.00 | 206.00 | OK | |
r-patched-linux-x86_64 | 0.7.10 | 12.57 | 126.81 | 139.38 | OK | |
r-patched-solaris-x86 | 0.7.10 | 4.50 | ERROR | |||
r-release-linux-x86_64 | 0.7.10 | 12.55 | 126.98 | 139.53 | OK | |
r-release-windows-ix86+x86_64 | 0.7.10 | 34.00 | 151.00 | 185.00 | OK | |
r-release-osx-x86_64 | 0.7.10 | WARN | ||||
r-oldrel-windows-ix86+x86_64 | 0.7.10 | 25.00 | 244.00 | 269.00 | OK | |
r-oldrel-osx-x86_64 | 0.7.10 | WARN |
Version: 0.7.10
Check: package dependencies
Result: ERROR
Package required but not available: ‘RcppCWB’
See section ‘The DESCRIPTION file’ in the ‘Writing R Extensions’
manual.
Flavor: r-patched-solaris-x86
Version: 0.7.10
Check: re-building of vignette outputs
Result: WARN
Error in re-building vignettes:
...
Warning in engine$weave(file, quiet = quiet, encoding = enc) :
Pandoc (>= 1.12.3) and/or pandoc-citeproc not available. Falling back to R Markdown v1.
... activating corpus: germaparlmini
... activating corpus: reuters
Quitting from lines 139-140 (vignette.Rmd)
Error: processing vignette 'vignette.Rmd' failed with diagnostics:
cannot open the connection
Execution halted
Flavors: r-release-osx-x86_64, r-oldrel-osx-x86_64