Last updated on 2018-11-24 00:51:18 CET.
Flavor | Version | Tinstall | Tcheck | Ttotal | Status | Flags |
---|---|---|---|---|---|---|
r-devel-linux-x86_64-debian-clang | 1.0.3 | 5.46 | 57.59 | 63.05 | OK | |
r-devel-linux-x86_64-debian-gcc | 1.0.3 | 3.75 | 46.20 | 49.95 | OK | |
r-devel-linux-x86_64-fedora-clang | 1.0.3 | 73.74 | NOTE | |||
r-devel-linux-x86_64-fedora-gcc | 1.0.3 | 71.38 | NOTE | |||
r-devel-windows-ix86+x86_64 | 1.0.3 | 16.00 | 98.00 | 114.00 | OK | |
r-patched-linux-x86_64 | 1.0.3 | 4.55 | 54.84 | 59.39 | OK | |
r-patched-solaris-x86 | 1.0.3 | 112.60 | OK | |||
r-release-linux-x86_64 | 1.0.3 | 5.12 | 54.82 | 59.94 | OK | |
r-release-windows-ix86+x86_64 | 1.0.3 | 16.00 | 164.00 | 180.00 | OK | |
r-release-osx-x86_64 | 1.0.3 | OK | ||||
r-oldrel-windows-ix86+x86_64 | 1.0.3 | 18.00 | 106.00 | 124.00 | OK | |
r-oldrel-osx-x86_64 | 1.0.3 | OK |
Version: 1.0.3
Check: compiled code
Result: NOTE
File ‘primerTree/libs/primerTree.so’:
Found no calls to: ‘R_registerRoutines’, ‘R_useDynamicSymbols’
It is good practice to register native routines and to disable symbol
search.
See ‘Writing portable packages’ in the ‘Writing R Extensions’ manual.
Flavors: r-devel-linux-x86_64-fedora-clang, r-devel-linux-x86_64-fedora-gcc