CRAN Package Check Results for Package pseval

Last updated on 2018-11-24 00:51:19 CET.

Flavor Version Tinstall Tcheck Ttotal Status Flags
r-devel-linux-x86_64-debian-clang 1.3.0 3.34 366.50 369.84 OK
r-devel-linux-x86_64-debian-gcc 1.3.0 2.54 256.62 259.16 OK
r-devel-linux-x86_64-fedora-clang 1.3.0 434.27 OK
r-devel-linux-x86_64-fedora-gcc 1.3.0 424.67 OK
r-devel-windows-ix86+x86_64 1.3.0 6.00 517.00 523.00 OK
r-patched-linux-x86_64 1.3.0 2.29 350.88 353.17 OK
r-patched-solaris-x86 1.3.0 722.50 OK
r-release-linux-x86_64 1.3.0 3.16 353.54 356.70 OK
r-release-windows-ix86+x86_64 1.3.0 7.00 600.00 607.00 OK
r-release-osx-x86_64 1.3.0 OK
r-oldrel-windows-ix86+x86_64 1.3.0 4.00 557.00 561.00 OK
r-oldrel-osx-x86_64 1.3.0 NOTE

Check Details

Version: 1.3.0
Check: package dependencies
Result: NOTE
    Package suggested but not available for checking: ‘printr’
Flavor: r-oldrel-osx-x86_64