CRAN Package Check Results for Package psych

Last updated on 2018-11-24 00:51:19 CET.

Flavor Version Tinstall Tcheck Ttotal Status Flags
r-devel-linux-x86_64-debian-clang 1.8.10 41.83 322.90 364.73 OK
r-devel-linux-x86_64-debian-gcc 1.8.10 34.33 243.46 277.79 OK
r-devel-linux-x86_64-fedora-clang 1.8.10 427.03 NOTE
r-devel-linux-x86_64-fedora-gcc 1.8.10 419.47 OK
r-devel-windows-ix86+x86_64 1.8.10 69.00 410.00 479.00 NOTE
r-patched-linux-x86_64 1.8.10 36.31 311.02 347.33 OK
r-patched-solaris-x86 1.8.10 508.60 NOTE
r-release-linux-x86_64 1.8.10 38.78 313.36 352.14 OK
r-release-windows-ix86+x86_64 1.8.10 72.00 402.00 474.00 NOTE
r-release-osx-x86_64 1.8.10 NOTE
r-oldrel-windows-ix86+x86_64 1.8.10 72.00 413.00 485.00 NOTE
r-oldrel-osx-x86_64 1.8.10 NOTE

Check Details

Version: 1.8.10
Check: installed package size
Result: NOTE
     installed size is 6.3Mb
     sub-directories of 1Mb or more:
     R 1.7Mb
     doc 2.4Mb
Flavors: r-devel-linux-x86_64-fedora-clang, r-devel-windows-ix86+x86_64, r-patched-solaris-x86, r-release-windows-ix86+x86_64, r-release-osx-x86_64, r-oldrel-windows-ix86+x86_64, r-oldrel-osx-x86_64