CRAN Package Check Results for Package rClinicalCodes

Last updated on 2018-11-24 00:51:20 CET.

Flavor Version Tinstall Tcheck Ttotal Status Flags
r-devel-linux-x86_64-debian-clang 1.0.1 2.23 33.67 35.90 NOTE
r-devel-linux-x86_64-debian-gcc 1.0.1 1.52 27.87 29.39 NOTE
r-devel-linux-x86_64-fedora-clang 1.0.1 43.10 NOTE
r-devel-linux-x86_64-fedora-gcc 1.0.1 44.17 NOTE
r-devel-windows-ix86+x86_64 1.0.1 6.00 43.00 49.00 NOTE
r-patched-linux-x86_64 1.0.1 2.13 32.34 34.47 NOTE
r-patched-solaris-x86 1.0.1 72.40 NOTE
r-release-linux-x86_64 1.0.1 2.14 32.21 34.35 NOTE
r-release-windows-ix86+x86_64 1.0.1 6.00 60.00 66.00 NOTE
r-release-osx-x86_64 1.0.1 NOTE
r-oldrel-windows-ix86+x86_64 1.0.1 8.00 62.00 70.00 NOTE
r-oldrel-osx-x86_64 1.0.1 NOTE

Check Details

Version: 1.0.1
Check: DESCRIPTION meta-information
Result: NOTE
    Malformed Description field: should contain one or more complete sentences.
Flavors: r-devel-linux-x86_64-debian-clang, r-devel-linux-x86_64-debian-gcc, r-devel-linux-x86_64-fedora-clang, r-devel-linux-x86_64-fedora-gcc, r-devel-windows-ix86+x86_64, r-patched-linux-x86_64, r-patched-solaris-x86, r-release-linux-x86_64, r-release-windows-ix86+x86_64, r-release-osx-x86_64, r-oldrel-windows-ix86+x86_64, r-oldrel-osx-x86_64

Version: 1.0.1
Check: R code for possible problems
Result: NOTE
    get_ClinicalCodes: no visible global function definition for ‘read.csv’
    get_ClinicalCodes : <anonymous>: no visible global function definition
     for ‘read.csv’
    Undefined global functions or variables:
     read.csv
    Consider adding
     importFrom("utils", "read.csv")
    to your NAMESPACE file.
Flavors: r-devel-linux-x86_64-debian-clang, r-devel-linux-x86_64-debian-gcc, r-devel-linux-x86_64-fedora-clang, r-devel-linux-x86_64-fedora-gcc, r-devel-windows-ix86+x86_64, r-patched-linux-x86_64, r-patched-solaris-x86, r-release-linux-x86_64, r-release-windows-ix86+x86_64, r-release-osx-x86_64, r-oldrel-windows-ix86+x86_64, r-oldrel-osx-x86_64