Last updated on 2018-11-24 00:51:19 CET.
Flavor | Version | Tinstall | Tcheck | Ttotal | Status | Flags |
---|---|---|---|---|---|---|
r-devel-linux-x86_64-debian-clang | 0.9.7 | 10.84 | 141.03 | 151.87 | OK | |
r-devel-linux-x86_64-debian-gcc | 0.9.7 | 8.64 | 109.99 | 118.63 | OK | |
r-devel-linux-x86_64-fedora-clang | 0.9.7 | 177.87 | OK | |||
r-devel-linux-x86_64-fedora-gcc | 0.9.7 | 178.61 | OK | |||
r-devel-windows-ix86+x86_64 | 0.9.7 | 40.00 | 220.00 | 260.00 | OK | |
r-patched-linux-x86_64 | 0.9.7 | 10.56 | 136.69 | 147.25 | OK | |
r-patched-solaris-x86 | 0.9.7 | 275.40 | OK | |||
r-release-linux-x86_64 | 0.9.7 | 10.03 | 137.32 | 147.35 | OK | |
r-release-windows-ix86+x86_64 | 0.9.7 | 38.00 | 213.00 | 251.00 | OK | |
r-release-osx-x86_64 | 0.9.7 | WARN | ||||
r-oldrel-windows-ix86+x86_64 | 0.9.7 | 36.00 | 225.00 | 261.00 | OK | |
r-oldrel-osx-x86_64 | 0.9.7 | OK |
Version: 0.9.7
Check: whether package can be installed
Result: WARN
Found the following significant warnings:
Warning: package ‘dplyr’ was built under R version 3.5.1
Flavor: r-release-osx-x86_64