CRAN Package Check Results for Package ramsvm

Last updated on 2018-11-24 00:51:19 CET.

Flavor Version Tinstall Tcheck Ttotal Status Flags
r-devel-linux-x86_64-debian-clang 2.0 2.33 22.71 25.04 OK
r-devel-linux-x86_64-debian-gcc 2.0 1.92 18.58 20.50 OK
r-devel-linux-x86_64-fedora-clang 2.0 29.97 NOTE
r-devel-linux-x86_64-fedora-gcc 2.0 29.49 NOTE
r-devel-windows-ix86+x86_64 2.0 9.00 60.00 69.00 OK
r-patched-linux-x86_64 2.0 2.19 21.56 23.75 OK
r-patched-solaris-x86 2.0 45.70 OK
r-release-linux-x86_64 2.0 2.37 21.55 23.92 OK
r-release-windows-ix86+x86_64 2.0 10.00 67.00 77.00 OK
r-release-osx-x86_64 2.0 OK
r-oldrel-windows-ix86+x86_64 2.0 11.00 60.00 71.00 OK
r-oldrel-osx-x86_64 2.0 OK

Check Details

Version: 2.0
Check: compiled code
Result: NOTE
    File ‘ramsvm/libs/ramsvm.so’:
     Found no calls to: ‘R_registerRoutines’, ‘R_useDynamicSymbols’
    
    It is good practice to register native routines and to disable symbol
    search.
    
    See ‘Writing portable packages’ in the ‘Writing R Extensions’ manual.
Flavors: r-devel-linux-x86_64-fedora-clang, r-devel-linux-x86_64-fedora-gcc