CRAN Package Check Results for Package rbokeh

Last updated on 2018-11-24 00:51:20 CET.

Flavor Version Tinstall Tcheck Ttotal Status Flags
r-devel-linux-x86_64-debian-clang 0.5.0 8.69 96.68 105.37 OK
r-devel-linux-x86_64-debian-gcc 0.5.0 8.43 74.99 83.42 OK
r-devel-linux-x86_64-fedora-clang 0.5.0 121.48 NOTE
r-devel-linux-x86_64-fedora-gcc 0.5.0 121.65 NOTE
r-devel-windows-ix86+x86_64 0.5.0 24.00 123.00 147.00 OK
r-patched-linux-x86_64 0.5.0 10.60 91.69 102.29 OK
r-patched-solaris-x86 0.5.0 164.70 NOTE
r-release-linux-x86_64 0.5.0 9.12 91.05 100.17 OK
r-release-windows-ix86+x86_64 0.5.0 23.00 176.00 199.00 OK
r-release-osx-x86_64 0.5.0 NOTE
r-oldrel-windows-ix86+x86_64 0.5.0 19.00 140.00 159.00 OK
r-oldrel-osx-x86_64 0.5.0 NOTE

Check Details

Version: 0.5.0
Check: dependencies in R code
Result: NOTE
    Namespace in Imports field not imported from: ‘ggplot2’
     All declared Imports should be used.
Flavors: r-devel-linux-x86_64-fedora-clang, r-devel-linux-x86_64-fedora-gcc, r-patched-solaris-x86, r-release-osx-x86_64, r-oldrel-osx-x86_64