Last updated on 2018-11-24 00:51:20 CET.
Flavor | Version | Tinstall | Tcheck | Ttotal | Status | Flags |
---|---|---|---|---|---|---|
r-devel-linux-x86_64-debian-clang | 0.71 | 3.30 | 66.38 | 69.68 | OK | |
r-devel-linux-x86_64-debian-gcc | 0.71 | 2.06 | 49.28 | 51.34 | OK | |
r-devel-linux-x86_64-fedora-clang | 0.71 | 75.47 | NOTE | |||
r-devel-linux-x86_64-fedora-gcc | 0.71 | 71.81 | NOTE | |||
r-devel-windows-ix86+x86_64 | 0.71 | 11.00 | 99.00 | 110.00 | OK | |
r-patched-linux-x86_64 | 0.71 | 2.79 | 58.79 | 61.58 | OK | |
r-patched-solaris-x86 | 0.71 | 124.20 | NOTE | |||
r-release-linux-x86_64 | 0.71 | 2.67 | 59.41 | 62.08 | OK | |
r-release-windows-ix86+x86_64 | 0.71 | 10.00 | 93.00 | 103.00 | OK | |
r-release-osx-x86_64 | 0.71 | NOTE | ||||
r-oldrel-windows-ix86+x86_64 | 0.71 | 9.00 | 86.00 | 95.00 | OK | |
r-oldrel-osx-x86_64 | 0.71 | NOTE |
Version: 0.71
Check: data for non-ASCII characters
Result: NOTE
Note: found 1 marked Latin-1 string
Note: found 1 marked UTF-8 string
Note: found 7 strings marked as "bytes"
Flavors: r-devel-linux-x86_64-fedora-clang, r-devel-linux-x86_64-fedora-gcc, r-patched-solaris-x86, r-release-osx-x86_64, r-oldrel-osx-x86_64