CRAN Package Check Results for Package rfviz

Last updated on 2018-11-24 00:51:21 CET.

Flavor Version Tinstall Tcheck Ttotal Status Flags
r-devel-linux-x86_64-debian-clang 1.0.0 1.41 26.50 27.91 OK
r-devel-linux-x86_64-debian-gcc 1.0.0 1.35 21.97 23.32 OK
r-devel-linux-x86_64-fedora-clang 1.0.0 35.67 NOTE
r-devel-linux-x86_64-fedora-gcc 1.0.0 33.66 NOTE
r-devel-windows-ix86+x86_64 1.0.0 10.00 90.00 100.00 OK
r-patched-linux-x86_64 1.0.0 1.43 25.26 26.69 OK
r-patched-solaris-x86 1.0.0 52.90 NOTE
r-release-linux-x86_64 1.0.0 1.51 25.46 26.97 OK
r-release-windows-ix86+x86_64 1.0.0 8.00 80.00 88.00 OK
r-release-osx-x86_64 1.0.0 NOTE
r-oldrel-osx-x86_64 1.0.0 ERROR

Check Details

Version: 1.0.0
Check: dependencies in R code
Result: NOTE
    Namespace in Imports field not imported from: ‘base’
     All declared Imports should be used.
Flavors: r-devel-linux-x86_64-fedora-clang, r-devel-linux-x86_64-fedora-gcc, r-patched-solaris-x86, r-release-osx-x86_64

Version: 1.0.0
Check: whether package can be installed
Result: ERROR
    Installation failed.
Flavor: r-oldrel-osx-x86_64