Last updated on 2018-11-24 00:51:21 CET.
Flavor | Version | Tinstall | Tcheck | Ttotal | Status | Flags |
---|---|---|---|---|---|---|
r-devel-linux-x86_64-debian-clang | 5.8-2.0 | 13.09 | 53.64 | 66.73 | NOTE | |
r-devel-linux-x86_64-debian-gcc | 5.8-2.0 | 7.24 | 46.34 | 53.58 | NOTE | |
r-devel-linux-x86_64-fedora-clang | 5.8-2.0 | 82.16 | NOTE | |||
r-devel-linux-x86_64-fedora-gcc | 5.8-2.0 | 92.22 | NOTE | |||
r-devel-windows-ix86+x86_64 | 5.8-2.0 | 40.00 | 221.00 | 261.00 | NOTE | |
r-patched-linux-x86_64 | 5.8-2.0 | 8.54 | 60.09 | 68.63 | NOTE | |
r-patched-solaris-x86 | 5.8-2.0 | 105.30 | NOTE | |||
r-release-linux-x86_64 | 5.8-2.0 | 9.25 | 63.09 | 72.34 | NOTE | |
r-release-windows-ix86+x86_64 | 5.8-2.0 | 41.00 | 208.00 | 249.00 | NOTE | |
r-release-osx-x86_64 | 5.8-2.0 | NOTE | ||||
r-oldrel-windows-ix86+x86_64 | 5.8-2.0 | 41.00 | 208.00 | 249.00 | NOTE | |
r-oldrel-osx-x86_64 | 5.8-2.0 | NOTE |
Version: 5.8-2.0
Check: R code for possible problems
Result: NOTE
genoud: multiple local function definitions for ‘fn1.bfgs’ with
different formal arguments
genoud: multiple local function definitions for ‘gr1’ with different
formal arguments
genoud: multiple local function definitions for ‘hess.fn’ with
different formal arguments
genoud_transform: multiple local function definitions for ‘fn1.bfgs’
with different formal arguments
genoud_transform: multiple local function definitions for ‘gr1’ with
different formal arguments
Flavors: r-devel-linux-x86_64-debian-clang, r-devel-linux-x86_64-debian-gcc, r-devel-linux-x86_64-fedora-clang, r-devel-linux-x86_64-fedora-gcc, r-devel-windows-ix86+x86_64, r-patched-linux-x86_64, r-patched-solaris-x86, r-release-linux-x86_64, r-release-windows-ix86+x86_64, r-release-osx-x86_64, r-oldrel-windows-ix86+x86_64, r-oldrel-osx-x86_64