Last updated on 2018-11-24 00:51:21 CET.
Flavor | Version | Tinstall | Tcheck | Ttotal | Status | Flags |
---|---|---|---|---|---|---|
r-devel-linux-x86_64-debian-clang | 0.4-2 | 11.93 | 52.34 | 64.27 | OK | |
r-devel-linux-x86_64-debian-gcc | 0.4-2 | 9.15 | 42.42 | 51.57 | OK | |
r-devel-linux-x86_64-fedora-clang | 0.4-2 | 76.55 | OK | |||
r-devel-linux-x86_64-fedora-gcc | 0.4-2 | 74.61 | OK | |||
r-devel-windows-ix86+x86_64 | 0.4-2 | 116.00 | 145.00 | 261.00 | OK | |
r-patched-linux-x86_64 | 0.4-2 | 11.27 | 50.15 | 61.42 | OK | |
r-patched-solaris-x86 | 0.4-2 | 90.20 | OK | |||
r-release-linux-x86_64 | 0.4-2 | 11.01 | 50.06 | 61.07 | OK | |
r-release-windows-ix86+x86_64 | 0.4-2 | 120.00 | 141.00 | 261.00 | OK | |
r-release-osx-x86_64 | 0.4-2 | NOTE | ||||
r-oldrel-windows-ix86+x86_64 | 0.4-2 | 117.00 | 138.00 | 255.00 | OK | |
r-oldrel-osx-x86_64 | 0.4-2 | NOTE |
Version: 0.4-2
Check: installed package size
Result: NOTE
installed size is 16.3Mb
sub-directories of 1Mb or more:
libs 15.4Mb
Flavors: r-release-osx-x86_64, r-oldrel-osx-x86_64