CRAN Package Check Results for Package rioja

Last updated on 2018-11-24 00:51:22 CET.

Flavor Version Tinstall Tcheck Ttotal Status Flags
r-devel-linux-x86_64-debian-clang 0.9-15.1 20.18 73.57 93.75 OK
r-devel-linux-x86_64-debian-gcc 0.9-15.1 16.07 58.38 74.45 WARN
r-devel-linux-x86_64-fedora-clang 0.9-15.1 114.16 OK
r-devel-linux-x86_64-fedora-gcc 0.9-15.1 113.44 WARN
r-devel-windows-ix86+x86_64 0.9-15.1 65.00 143.00 208.00 OK
r-patched-linux-x86_64 0.9-15.1 21.69 70.62 92.31 WARN
r-patched-solaris-x86 0.9-15.1 161.20 OK
r-release-linux-x86_64 0.9-15.1 18.76 70.39 89.15 WARN
r-release-windows-ix86+x86_64 0.9-15.1 75.00 133.00 208.00 OK
r-release-osx-x86_64 0.9-15.1 OK
r-oldrel-windows-ix86+x86_64 0.9-15.1 66.00 139.00 205.00 OK
r-oldrel-osx-x86_64 0.9-15.1 OK

Additional issues

rchk

Check Details

Version: 0.9-15.1
Check: whether package can be installed
Result: WARN
    Found the following significant warnings:
     cornellout.cpp:99:20: warning: ‘%2d’ directive writing between 2 and 11 bytes into a region of size between 0 and 931 [-Wformat-overflow=]
     cornellout.cpp:137:26: warning: ‘sprintf’ may write a terminating nul past the end of the destination [-Wformat-overflow=]
     cornellout.cpp:129:26: warning: ‘%s’ directive writing up to 999 bytes into a region of size between 988 and 995 [-Wformat-overflow=]
     mat.cpp:315:4: warning: ‘*<unknown>.dataMat::p’ is used uninitialized in this function [-Wuninitialized]
     tilia.cpp:179:14: warning: ‘char* strncpy(char*, const char*, size_t)’ output may be truncated copying 61 bytes from a string of length 199 [-Wstringop-truncation]
     tilia.cpp:180:10: warning: ‘char* strncpy(char*, const char*, size_t)’ output may be truncated copying 19 bytes from a string of length 19 [-Wstringop-truncation]
     tilia.cpp:225:14: warning: ‘char* strncpy(char*, const char*, size_t)’ output may be truncated copying 8 bytes from a string of length 199 [-Wstringop-truncation]
     tilia.cpp:228:17: warning: ‘char* strncpy(char*, const char*, size_t)’ output may be truncated copying 8 bytes from a string of length 29 [-Wstringop-truncation]
Flavors: r-devel-linux-x86_64-debian-gcc, r-devel-linux-x86_64-fedora-gcc, r-patched-linux-x86_64, r-release-linux-x86_64